*r**2 - 4*r. Calculate i(z).
-10
Let b(t) = -24*t**2 - t - 7. Let y(a) = -24*a**2 - a - 5. Let r(i) = 3*b(i) - 4*y(i). Calculate r(1).
24
Let y(d) = 4*d - 3. Let f be y(-4). Let a = 19 + f. Let x(n) = -n**2 + n + 12. Determine x(a).
12
Let a(v) = -1. Let r(y) = 2*y - 5. Let d(l) = 4*a(l) - r(l). Determine d(-4).
9
Let u(x) = -1 - 4*x + 0 - 2*x. Let y(t) = -2*t - 6. Let b be y(-4). Suppose -w = 2*g, -b*g - w + 4 = 2*w. What is u(g)?
5
Suppose -5*b = g - 6 + 1, 5*b - 15 = -3*g. Let k = 16 - 8. Let w(c) = 3*c**2 - k*c - c**3 + 4 + b*c + 3*c. What is w(3)?
-11
Let y(q) be the first derivative of -q**3/6 - 3*q**2/2 - 4*q + 3. Let b(j) be the first derivative of y(j). Give b(0).
-3
Suppose 0 = -3*k + 6*k - 6. Let w(j) = 3*j + k*j - j - 2. Calculate w(2).
6
Let x(f) = -2*f. Let t be -2*13/(-4)*-2. Let v(z) = 4*z. Let u(j) = t*x(j) - 6*v(j). Let q(r) = r**2 - r + 1. Let y be q(1). Give u(y).
2
Suppose -a = 2*n + 2*n - 11, a - 2 = 5*n. Let l(u) = u**2 - 5*u - 3. Calculate l(a).
11
Let b be (6/(-12))/((-1)/4). Suppose n = -4*n - 5. Let q = n - b. Let f(m) = -3*m + 1. Calculate f(q).
10
Let y(b) = -b**2 - b. Let g = 1 - -1. Suppose d - g*d = 0. Calculate y(d).
0
Let x(g) = -g**3 + g**2 - g + 1. Let j(s) = -2*s + 2. Let u be j(1). Give x(u).
1
Let g(t) = t - 7. Let h be g(0). Let r = h + 12. Let v = -7 + r. Let p(u) = 2*u**2 + 2*u - 1. Give p(v).
3
Let r(f) = 8*f - 8. Let t(s) = 3*s - 3. Let h(p) = -4*r(p) + 11*t(p). Determine h(0).
-1
Suppose -j - 3 = z - 3*z, 5*z - 12 = j. Let g(a) be the second derivative of -a + 0*a**4 - 1/3*a**j + 0 - 1/2*a**2 - 3/10*a**5. Determine g(-1).
7
Let l = -3 - -15. Suppose -l*z = -10*z. Let k(u) = -u**3 + u**2 - u. Determine k(z).
0
Let o(g) = -2*g**2 + 2*g + 1. Suppose 4*j = 2*j. Suppose -h - h + 4 = j. Give o(h).
-3
Let d(l) be the third derivative of l**4/12 + 3*l**3/2 + 2*l**2. Let s be 2/(-9) + 208/(-36). Give d(s).
-3
Let t = -18 - -15. Let c(x) = -x**2 - x + 4. Give c(t).
-2
Let t(q) = 4*q + 9. Suppose -5*k = -3*k + 12. Determine t(k).
-15
Let n(j) = -8*j - 7. Let f(a) = -4*a - 4. Let x(q) = -5*f(q) + 3*n(q). What is x(-1)?
3
Let v(x) = 3*x - 6 - 4*x - 4*x + 4*x. Give v(-7).
1
Let r = -11 + 19. Let f(d) = d - 11. Give f(r).
-3
Let m be (-16)/6 + 2/(-6). Let o(t) = -t + 1. Give o(m).
4
Let r(g) = -g - 2. Suppose 33 = 5*j + 4*z, 0 = 2*z - 3*z + 2. Determine r(j).
-7
Let j(q) be the first derivative of -q**3/3 + 2*q**2 + 7*q + 65. Give j(5).
2
Let s(m) be the first derivative of m**5/20 - m**4/3 - m**3/2 - 3*m**2 + m + 6. Let c(t) be the first derivative of s(t). Determine c(5).
4
Let d = -4 + 4. Suppose d = -2*i + 1 + 3. Let k(c) = -7*c + 5. Let t(j) = -13*j + 9. Let s(b) = -5*k(b) + 3*t(b). Determine s(i).
-6
Suppose -28 = 2*j - k, -2*j = -0*j - 3*k + 28. Let p be 8/(-6) - j/(-21). Let d(a) = -4*a - 3. Determine d(p).
5
Let v(m) be the first derivative of m**3/3 + 7*m**2/2 + 3*m - 4. Suppose -7*c + j = -2*c + 23, 2*c + 8 = j. Determine v(c).
-7
Let w(b) = b**2 - 3*b - 3. Suppose -5*k = -12 + 2. Let c be 10/k*3/5. Give w(c).
-3
Suppose 4 = -4*y, 5*x + 2*y = 3*x + 14. Let u = 3 - x. Let s(w) = 5*w + 4. Let j(h) = 6*h + 5. Let k(b) = 4*j(b) - 5*s(b). What is k(u)?
5
Let s(j) = j**3 + 5*j**2 + 2*j - 5. Let k be s(-4). Suppose 4*f - k*f = 0. Let r be ((-4)/10 - f)*5. Let y(q) = q**3 - 3*q - 3. Calculate y(r).
-5
Suppose 2*v + 12 = f + f, 0 = -3*f - 3*v + 24. Let k(w) = 1 + 4 + w**3 + 4*w - f*w**2 + 2*w - 3. What is k(6)?
2
Let z(h) = -2*h**2 + 4*h + 7. Let o(g) = -g**2 + g + 1. Let v(r) = 6*o(r) - z(r). Calculate v(1).
-3
Suppose 2*j = -3 + 9. Suppose -t + j = -1. Let a(d) = 3*d - 4. Determine a(t).
8
Let r(l) = l - 9. Let v(m) = m - 10. Let n(t) = -5*r(t) + 4*v(t). Give n(4).
1
Let j(r) = 4*r - 2*r - 2 + 0*r. Let t(y) = 2*y + 3. Let z be t(11). Let o = z - 27. Determine j(o).
-6
Let k(w) = -w**2 + 4*w - 3. Suppose -8*b = -5*b + 12. Let l be 5 - (2 + 12/b). Determine k(l).
-15
Let m(x) = 10*x**3 - x**2 + 1. Let g(d) = d + 4. Let p = 10 - 13. Let h be g(p). Determine m(h).
10
Let k = -14 + 9. Let l(h) = 7*h**2 + 10*h + 6. Let f(z) = z**2 + z + 1. Let x(t) = 6*f(t) - l(t). What is x(k)?
-5
Let f be 9/1 - (-2)/(-1). Let l(b) = b**2 - 6*b - 7. Calculate l(f).
0
Let h(z) = -z**2 - 4*z + 7. Let f be h(-6). Let m(u) be the second derivative of u**3/6 + 3*u**2/2 - u. What is m(f)?
-2
Let o(h) = -3*h + 11. Let m(i) = 4*i - 12. Let t(p) = 4*m(p) + 5*o(p). Let n(z) = -7*z**2 - z. Let w be n(-1). Let j be (-1 - 1)/(-2) + w. Determine t(j).
2
Let z be (-39)/9 + (-4)/(-12). Let c(p) = -p**3 - 4*p**2 + 3*p - 1. Calculate c(z).
-13
Let d = -30 - -20. Let v = -6 - d. Let b(y) = -2*y + 5. What is b(v)?
-3
Let z(h) be the first derivative of -h**3/3 - 2*h**2 + 4*h - 1. Suppose 30*s = 31*s + 4. Determine z(s).
4
Let w(u) be the second derivative of u**5/20 - u**4/6 + 2*u**2 + 17*u. What is w(3)?
13
Let p(s) = -s**2 - 5*s + 5. Let r(y) = -y**3 + 6*y**2 - 6*y. Let d be r(5). Give p(d).
5
Let d(b) be the third derivative of -b**5/10 + 12*b**2. Suppose -4 = -3*v + 11, 0 = 3*c - 2*v + 7. Determine d(c).
-6
Let j(s) = -s + 6. Let h = 97 + -90. What is j(h)?
-1
Suppose u + 6 = 2. Let v(x) = 4*x - 1 - x**3 - 2*x**2 - x**2 + 0. Calculate v(u).
-1
Let j(x) be the third derivative of 0*x + 0 + 1/60*x**5 + 4*x**2 + 4/3*x**3 + 7/24*x**4. Suppose 33 = -2*y - y - 5*o, -2*y = -5*o - 3. Determine j(y).
2
Let y = -5 + 7. Let j(o) = -3 - 7*o**2 - y*o + 0*o**2 + 3*o**2 + 3*o**2 - o**3. Calculate j(-2).
5
Let r(v) = -v**2 + 3*v + 2. Let j be r(3). Suppose 0 = -2*x + 15 - 7. Let c(p) = 2 - x + p**2 - j - p. What is c(3)?
2
Let d(u) = -2*u**2 - 17*u + 50. Let c be d(-11). Let o(r) = 5*r**2 - 2*r**3 - 2 + 3*r**3 + 5. What is o(c)?
3
Let r(f) = 0*f**2 + 31*f**3 + 1 - 30*f**3 + 3*f**2 - 2. Determine r(-4).
-17
Let u(z) = 2*z**2 + 8*z + 3. Let v be ((-3)/9)/((-2)/(-30)). Determine u(v).
13
Let v be ((-10)/(-8))/((-2)/(-8)). Suppose 9 + 1 = v*l. Let r(u) = -2*u**2 + 2*u + 2. Give r(l).
-2
Let v(r) = 5*r**2 + 4*r + 5. Suppose n + 5*c - 9 = 2*n, 48 = 4*n + c. Let h(y) = -26*y**2 - 20*y - 26. Let s(i) = n*v(i) + 2*h(i). What is s(-2)?
7
Let v(m) = -5*m**2 + 7*m - 2. Let s(f) be the third derivative of -3*f**5/20 + 13*f**4/24 - 2*f**3/3 - 2*f**2. Let n(o) = -6*s(o) + 11*v(o). Determine n(-3).
-4
Let j(n) = -n**3 - 4*n**2 + 3*n - 7. Let x be j(-5). Suppose 0 = -x*c - 9, -2*c - 62 = -2*z - 0*c. Suppose -h = 3*h - z. Let m(q) = q - 1. Give m(h).
6
Let q(x) = x**2 + 2*x**2 - 4*x**2 - 4*x + 4. Let u(k) = -2*k**3 - 5*k**2 + 2*k. Let i be u(-4). Suppose -i = 4*s + 5*m, m + 0*m + 24 = -4*s. Determine q(s).
-1
Let o(m) be the first derivative of m**3/3 + 3*m**2 - m + 1. Let w = -14 - -9. What is o(w)?
-6
Let g(v) = 4*v**3 - 6*v - 2. Let m = 6 - 12. Let n(d) = 5*d**3 + d**2 - 6*d - 2. Let j(q) = m*g(q) + 5*n(q). Give j(-4).
-6
Suppose 0 = 2*n - 4*a - 24, 0*n + 24 = 3*n - 3*a. Let j(c) be the third derivative of -5/6*c**3 + 0 - c**2 + 0*c + 1/24*c**4. Give j(n).
-1
Let b(m) = -4*m**3 + 4*m**2 + m + 6. Let l(t) = -2*t + 11 + 7*t**2 - 7*t**3 + t + 0*t + 2*t. Let o(d) = 5*b(d) - 3*l(d). Give o(2).
5
Let b(w) be the second derivative of -w**3/3 - 2*w. Let n be -9*(1 - 3)*(-4)/24. Calculate b(n).
6
Let b(s) = s**2 + 2*s + 0 - s - 1 + 0*s. Let u(v) = 3*v**2 - 2*v + 3. Let q(w) = -4*b(w) - u(w). Give q(1).
-8
Let l be 16/(-6) + 2/(-6). Let q be ((-2)/(-3))/((-8)/(-36)). Let p(n) = -n**q - 4*n**2 - 4*n + 0 - 6 + 3. What is p(l)?
0
Let u(o) = -o**3 + 2*o**2 - o + 1. Let v = -34 - -36. Calculate u(v).
-1
Suppose -3*k + 37 = -2*k. Suppose -4*s - s = -3*b + 47, 4*s = 3*b - k. Let x = -7 - s. Let w(n) = n - 6. Determine w(x).
-3
Let c(p) = 10*p - 4. Suppose 3*d + d = 28. Let h(w) = -21*w + 9. Let m(n) = d*c(n) + 3*h(n). Let j = 30 - 31. Determine m(j).
-8
Suppose -37 = -4*m + 5*q, -2*q = 3*q + 25. Let j(t) = t**3 - t**2 - 2*t - 2. Give j(m).
10
Let k(n) be the second derivative of -n**5/5 + n**2/2 - n. Suppose 2*b + 2*x + 10 = 0, 5*x + 6 = -19. Suppose 5*r - r - 4 = b. What is k(r)?
-3
Let c(j) = -j**2 - 6*j - 3. Let m be c(-4). Let f(g) = m*g**2 - 2*g**2 - 5 - g**3 + 3*g**2 + 0*g**2. Let p = -15 + 21. Give f(p).
-5
Let m(b) = -4*b - 9. Let h(k) = 4*k - 27. Let l be h(5). Calculate m(l).
19
Suppose 2*k - 5*c = -11, -6*c = -3*k - c - 4. Suppose 0 = -4*p - 5 - k. Let u(q) = 4*q**2 + 5*q + 2. L